{"id":8746,"date":"2019-11-04T21:00:26","date_gmt":"2019-11-04T20:00:26","guid":{"rendered":"http:\/\/sp1.kielce.eu\/?page_id=8746"},"modified":"2023-06-16T17:31:30","modified_gmt":"2023-06-16T15:31:30","slug":"media-o-nas","status":"publish","type":"page","link":"https:\/\/sp1.kielce.eu\/index.php\/media-o-nas\/","title":{"rendered":"Media o Nas"},"content":{"rendered":"\n<p>Podsumowanie konkursu edukacyjno &#8211; informacyjnego zorganizowanego przez Urz\u0105d Miasta Kielce pod has\u0142em: &#8222;NASZA DROGA DO CZYSTEGO \u015aRODOWISKA&#8221;.<br><a href=\"https:\/\/www.kielce.eu\/pl\/aktualnosci\/final-konkursu-nasza-droga-do-czystego-srodowiska.html\">Urz\u0105d Miasta Kielce<\/a><\/p>\n\n\n\n<hr class=\"wp-block-separator has-alpha-channel-opacity\"\/>\n\n\n\n<p>Otwarcie klasy bilardowej<br><a href=\"https:\/\/kielce.tvp.pl\/49594948\/nauka-przy-stole-bilardowym-pierwsza-taka-klasa-w-polsce?fbclid=IwAR045OFiTekMeogJazo_-5csmnLJu86UqkUwc7295S-65q__QJjhrlLO5Tw\">Telewizja Kielce<\/a><\/p>\n\n\n\n<hr class=\"wp-block-separator has-alpha-channel-opacity\"\/>\n\n\n\n<p>\u201e15 akcji sprz\u0105tania miasta Kielce\u201d &#8211; sprz\u0105tanie Zalewu Kieleckiego<br><a href=\"https:\/\/www.kielce.eu\/pl\/aktualnosci\/czas-na-kolejne-sprzatanie-tym-razem-zalew-kielecki-park-dygasinskiego-i-okolice-ogrodkow-dzialkowych.html\">Urz\u0105d Miasta Kielce<\/a><\/p>\n\n\n\n<hr class=\"wp-block-separator has-alpha-channel-opacity\"\/>\n\n\n\n<p> I edycja Szkolno-Przedszkolnego Konkursu Techniczno-Ekologicznego \u201eBudowanie przez kodowanie z\u00a0Jedynk\u0105\u201d<br><a href=\"https:\/\/www.facebook.com\/DzieciecaPSk\/posts\/2836032316479888\">Dzieci\u0119ca Politechnika \u015awi\u0119tokrzyska<\/a><br><a href=\"https:\/\/www.facebook.com\/ECN.KPT\/posts\/3112393218790872\">Energetyczne Centrum Nauki<\/a><br><a href=\"https:\/\/www.facebook.com\/macedukacja\/posts\/2667449123486339\">MAC<\/a><br><a href=\"http:\/\/www.strazmiejska.kielce.pl\/index.php\/9-aktualnosci\/1098-przedszkole-szyfry\">Stra\u017c Miejska<\/a><\/p>\n\n\n\n<hr class=\"wp-block-separator has-alpha-channel-opacity\"\/>\n\n\n\n<p>I edycja mi\u0119dzyszkolnego konkursu \u00d6kovolksmode &#8211; ekologiczna moda ludowa niemieckiego obszaru j\u0119zykowego<br><a href=\"https:\/\/kielce.tvp.pl\/46850436\/miedzyszkolny-konkurs-dotyczacy-znajomosci-kultury-niemieckiej\">Telewizja Kielce<\/a><br><a href=\"https:\/\/echodnia.eu\/swietokrzyskie\/okovolksmode-i-miedzyszkolny-konkurs-niemieckiej-ludowej-mody-ekologicznej-w-kielcach-mlodziez-ma-ciekawe-pomysly-zdjecia\/ar\/c1-14816898\">Echo Dnia<\/a><br><a href=\"http:\/\/m.radio.kielce.pl\/pl\/post-100700\">Radio Kielce<\/a><br><a href=\"https:\/\/www.youtube.com\/watch?v=vcAiIFjRZVM\">iTV Kielce<\/a><br><a href=\"https:\/\/www.spottedalert.pl\/kielce\/o-ekologii-i-modzie-po-niemiecku-w-szkole-podstawowej-nr-1-w-kielcach-zdjecia\/\">Serwis spottedalert<\/a><\/p>\n\n\n\n<hr class=\"wp-block-separator has-alpha-channel-opacity\"\/>\n\n\n\n<p><a href=\"https:\/\/kielce.naszemiasto.pl\/akcja-pluszowy-mis-uczniowie-szkoly-podstawowej-numer-1-w\/ar\/c1-7467019\">Akcja Pluszowy Mi\u015b<\/a><br><a href=\"http:\/\/www.radio.kielce.pl\/pl\/post-96328\">Sukces Oli R\u0119bi\u015b z kl. 1b w VII Mi\u0119dzyszkolnym Konkursie Recytatorskim<\/a>  <br><a href=\"https:\/\/echodnia.eu\/swietokrzyskie\/i-korowod-wolontariatu-w-kielcach-przed-ulice-sienkiewicza-przeszly-setki-osob-wideo-zdjecia\/ga\/c1-14633165\/zd\/40502153\">I Korow\u00f3d Wolontariatu<\/a><\/p>\n\n\n\n<hr class=\"wp-block-separator has-alpha-channel-opacity\"\/>\n\n\n\n<p>Uroczyste otwarcie o\u015brodka bilardowego po\u0142\u0105czone z pokazem wielokrotnego mistrza \u015bwiata w trikach bilardowych<br>&#8211; <a href=\"https:\/\/echodnia.eu\/swietokrzyskie\/znane-osoby-i-mistrz-swiata-na-otwarciu-osrodka-bilardowego-w-szkole-podstawowej-1-w-kielcach-pojedynek-wiceprezydenta-i-pokaz\/ga\/c2-14630415\/zd\/40477809?utm_source=social-media-facebook&amp;utm_medium=przycisk-gora\">Echo Dnia<\/a><br>&#8211; <a href=\"https:\/\/www.facebook.com\/172845796090300\/posts\/3246147608760088\/\">Urz\u0105d Marsza\u0142kowski Wojew\u00f3dztwa \u015awi\u0119tokrzyskiego<\/a><br>&#8211; <a href=\"http:\/\/m.radio.kielce.pl\/pl\/post-95811\">Radio Kielce<\/a><br>&#8211; <a href=\"https:\/\/www.facebook.com\/100002912016070\/posts\/2558491437591232\/\">Henryk Milcarz<\/a> <\/p>\n\n\n\n<hr class=\"wp-block-separator has-alpha-channel-opacity\"\/>\n\n\n\n<p><a href=\"https:\/\/kielce.tvp.pl\/45630593\/czy-powstanie-klasa-mistrzostwa-sportowego-ze-specjalnoscia-bilardowa\">TVP3 Kielce &#8211; Klasa mistrzostwa sportowego<\/a><br><a href=\"https:\/\/echodnia.eu\/swietokrzyskie\/szkola-podstawowa-numer-1-imienia-stanislawa-staszica-w-kielcach-spiewala-hymn-zdjecia\/ga\/c5-14568595\/zd\/39900053\">Rocznica Odzyskania Niepodleg\u0142o\u015bci<\/a><br><a href=\"https:\/\/kielce.naszemiasto.pl\/na-kieleckim-ksm-ie-radni-dzieci-i-mlodziez-posadzili\/ar\/c1-7396414\">Tlen dla Kielc<\/a><\/p>\n\n\n\n<hr class=\"wp-block-separator has-alpha-channel-opacity\"\/>\n\n\n\n<p>Narodowe czytanie<br>&#8211; <a href=\"https:\/\/korona-kielce.pl\/artykuly\/2019\/68263-jakub-zubrowski-gosciem-narodowego-czytania\/\">Narodowe Czytanie w Jedynce<\/a><br>&#8211; <a href=\"https:\/\/m.facebook.com\/story.php?story_fbid=2211709102455182&amp;id=2029898670636227\">Miasto Kielce<\/a><br>&#8211; <a href=\"https:\/\/m.facebook.com\/story.php?story_fbid=3021429721231879&amp;id=172845796090300\">Urz\u0105d Marsza\u0142kowski<\/a><br>&#8211; <a href=\"https:\/\/kielce.naszemiasto.pl\/znani-czytali-katarynke-w-szkole-podstawowej-numer-1-w\/ar\/c1-7354867\">kielce.naszemiasto.pl<\/a><\/p>\n\n\n\n<hr class=\"wp-block-separator has-alpha-channel-opacity\"\/>\n\n\n\n<p>Obchody Dnia \u015aw. Patryka 2022 rok<br>&#8211; <a href=\"https:\/\/www.kielce.eu\/pl\/aktualnosci\/dzien-sw-patryka-w-kielcach.html\">Miasto Kielce<\/a><br><\/p>\n","protected":false},"excerpt":{"rendered":"<p>Podsumowanie konkursu edukacyjno &#8211; informacyjnego zorganizowanego przez Urz\u0105d Miasta Kielce pod has\u0142em: &#8222;NASZA DROGA DO [&hellip;]<\/p>\n","protected":false},"author":1,"featured_media":0,"parent":0,"menu_order":0,"comment_status":"closed","ping_status":"closed","template":"","meta":{"footnotes":""},"class_list":["post-8746","page","type-page","status-publish","hentry"],"_links":{"self":[{"href":"https:\/\/sp1.kielce.eu\/index.php\/wp-json\/wp\/v2\/pages\/8746","targetHints":{"allow":["GET"]}}],"collection":[{"href":"https:\/\/sp1.kielce.eu\/index.php\/wp-json\/wp\/v2\/pages"}],"about":[{"href":"https:\/\/sp1.kielce.eu\/index.php\/wp-json\/wp\/v2\/types\/page"}],"author":[{"embeddable":true,"href":"https:\/\/sp1.kielce.eu\/index.php\/wp-json\/wp\/v2\/users\/1"}],"replies":[{"embeddable":true,"href":"https:\/\/sp1.kielce.eu\/index.php\/wp-json\/wp\/v2\/comments?post=8746"}],"version-history":[{"count":27,"href":"https:\/\/sp1.kielce.eu\/index.php\/wp-json\/wp\/v2\/pages\/8746\/revisions"}],"predecessor-version":[{"id":29137,"href":"https:\/\/sp1.kielce.eu\/index.php\/wp-json\/wp\/v2\/pages\/8746\/revisions\/29137"}],"wp:attachment":[{"href":"https:\/\/sp1.kielce.eu\/index.php\/wp-json\/wp\/v2\/media?parent=8746"}],"curies":[{"name":"wp","href":"https:\/\/api.w.org\/{rel}","templated":true}]}}