{"id":7362,"date":"2019-09-17T15:05:51","date_gmt":"2019-09-17T13:05:51","guid":{"rendered":"http:\/\/sp1.kielce.eu\/?page_id=7362"},"modified":"2020-01-11T02:33:28","modified_gmt":"2020-01-11T01:33:28","slug":"rejestr-2019","status":"publish","type":"page","link":"https:\/\/sp1.kielce.eu\/index.php\/rejestr-2019\/","title":{"rendered":"Rejestr faktur i rachunk\u00f3w &#8211; 2019"},"content":{"rendered":"\n<p><a href=\"http:\/\/sp1.kielce.eu\/wp-content\/uploads\/2019\/09\/faktura-2019-08.pdf\">Sierpie\u0144<\/a>  <br><a href=\"http:\/\/sp1.kielce.eu\/wp-content\/uploads\/2019\/10\/faktura-2019-09.pdf\">Wrzesie\u0144<\/a><br><a href=\"http:\/\/sp1.kielce.eu\/wp-content\/uploads\/2019\/11\/faktura-2019-10.pdf\">Pa\u017adziernik<\/a><br><a href=\"http:\/\/sp1.kielce.eu\/wp-content\/uploads\/2019\/12\/faktura-2019-11.pdf\">Listopad<\/a><br><a href=\"http:\/\/sp1.kielce.eu\/wp-content\/uploads\/2020\/01\/faktura-2019-12.pdf\">Grudzie\u0144<\/a><br><\/p>\n","protected":false},"excerpt":{"rendered":"<p>Sierpie\u0144 Wrzesie\u0144Pa\u017adziernikListopadGrudzie\u0144<\/p>\n","protected":false},"author":1,"featured_media":0,"parent":0,"menu_order":0,"comment_status":"closed","ping_status":"closed","template":"","meta":{"footnotes":""},"class_list":["post-7362","page","type-page","status-publish","hentry"],"_links":{"self":[{"href":"https:\/\/sp1.kielce.eu\/index.php\/wp-json\/wp\/v2\/pages\/7362","targetHints":{"allow":["GET"]}}],"collection":[{"href":"https:\/\/sp1.kielce.eu\/index.php\/wp-json\/wp\/v2\/pages"}],"about":[{"href":"https:\/\/sp1.kielce.eu\/index.php\/wp-json\/wp\/v2\/types\/page"}],"author":[{"embeddable":true,"href":"https:\/\/sp1.kielce.eu\/index.php\/wp-json\/wp\/v2\/users\/1"}],"replies":[{"embeddable":true,"href":"https:\/\/sp1.kielce.eu\/index.php\/wp-json\/wp\/v2\/comments?post=7362"}],"version-history":[{"count":13,"href":"https:\/\/sp1.kielce.eu\/index.php\/wp-json\/wp\/v2\/pages\/7362\/revisions"}],"predecessor-version":[{"id":10404,"href":"https:\/\/sp1.kielce.eu\/index.php\/wp-json\/wp\/v2\/pages\/7362\/revisions\/10404"}],"wp:attachment":[{"href":"https:\/\/sp1.kielce.eu\/index.php\/wp-json\/wp\/v2\/media?parent=7362"}],"curies":[{"name":"wp","href":"https:\/\/api.w.org\/{rel}","templated":true}]}}