{"id":55,"date":"2017-03-03T21:46:19","date_gmt":"2017-03-03T20:46:19","guid":{"rendered":"http:\/\/sp1.kielce.eu\/?page_id=55"},"modified":"2025-10-06T12:39:47","modified_gmt":"2025-10-06T10:39:47","slug":"nauczyciele","status":"publish","type":"page","link":"https:\/\/sp1.kielce.eu\/index.php\/nauczyciele\/","title":{"rendered":"Nauczyciele"},"content":{"rendered":"\n<p><script><br \/>\n  (function(i,s,o,g,r,a,m){i['GoogleAnalyticsObject']=r;i[r]=i[r]||function(){<br \/>\n  (i[r].q=i[r].q||[]).push(arguments)},i[r].l=1*new Date();a=s.createElement(o),<br \/>\n  m=s.getElementsByTagName(o)[0];a.async=1;a.src=g;m.parentNode.insertBefore(a,m)<br \/>\n  })(window,document,'script','https:\/\/www.google-analytics.com\/analytics.js','ga');<\/p>\n<p>  ga('create', 'UA-93996119-1', 'auto');<br \/>\n  ga('send', 'pageview');<\/p>\n<p><\/script><\/p>\n\n\n\n<figure class=\"wp-block-table\"><table><tbody><tr><td>edukacja wczesnoszkolna<\/td><td>mgr Iwona Delipacy<br>mgr Edyta Kozie\u0142<br>mgr Ko\u015bcielecka Iwona<br>mgr Kinga Kozie\u0142<br>mgr Ewa Nowak<br>mgr Andrzej Pustu\u0142a<br>mgr Agnieszka Siwek<br>mgr Ma\u0142gorzata Wojciechowska<\/td><\/tr><tr><td>religia<\/td><td>s. Monika Czajkowska<br>ks. Dariusz W\u0119grzyn<br>ks. Krzysztof Zapa\u0142a<\/td><\/tr><tr><td>j\u0119zyk polski<\/td><td>mgr Anna Borowska<br>mgr Dorota Broni\u015b<br>mgr Iwona M\u0142ynarczyk-Halicka<br>mgr Mariola Str\u00f3zik<\/td><\/tr><tr><td>j\u0119zyk angielski<\/td><td>mgr Paulina Kondracka<br>mgr Marta Pawlak<br>mgr Piotr Surma<\/td><\/tr><tr><td>j\u0119zyk niemiecki<\/td><td>mgr Alina Dziopa<\/td><\/tr><tr><td>matematyka<\/td><td>mgr Ma\u0142gorzata G\u0119bska-Lisowska<br>mgr Anna Mazur<br>mgr Urszula Sodel<\/td><\/tr><tr><td>fizyka<\/td><td>mgr Patrycja Zar\u0119ba-Michalska<\/td><\/tr><tr><td>chemia<\/td><td>mgr Anna Biskup<\/td><\/tr><tr><td>informatyka<\/td><td>mgr Dariusz St\u0119pie\u0144<\/td><\/tr><tr><td>historia<\/td><td>mgr Katarzyna Szostak<\/td><\/tr><tr><td>EDB, WOS, historia<\/td><td>mgr Patryk Kozie\u0142<\/td><\/tr><tr><td>biologia, przyroda<\/td><td>mgr Iwona Korzeniowska-Golon<br>mgr El\u017cbieta W\u00f3jcik<\/td><\/tr><tr><td>geografia<\/td><td>mgr Monika Wychowaniec<\/td><\/tr><tr><td>muzyka<\/td><td>mgr Maria Litwinek<\/td><\/tr><tr><td>plastyka, technika<\/td><td>mgr Marzena Kwiecie\u0144<\/td><\/tr><tr><td>wychowanie fizyczne<\/td><td>mgr Agnieszka Buczek<br>mgr Grzegorz Ko\u0142oma\u0144ski<br>mgr Remigiusz Krzywda<br>mgr \u0141ukasz Kurek<br>mgr Marta Wi\u0119ckowska<br>mgr Maciej \u017byci\u0144ski<\/td><\/tr><tr><td>\u015bwietlica<\/td><td>mgr Klaudia Gola  &#8211; kierownik \u015bwietlicy<br>mgr Honorata Mieszczankowska<br>mgr Patrycja Duda<\/td><\/tr><tr><td>WD\u017b<\/td><td>mgr Dorota Aplas<\/td><\/tr><tr><td>biblioteka<\/td><td>mgr Renata Kozie\u0142<br>mgr Albert Lewandowski<\/td><\/tr><tr><td>pedagog szkolny<\/td><td>mgr Beata Smag\u00f3r<\/td><\/tr><tr><td>pedagog specjalny<\/td><td>mgr Barbara Jaworska<\/td><\/tr><tr><td>psycholog szkolny<\/td><td>mgr Pilkiewicz Anna<\/td><\/tr><tr><td>nauczyciel wspomagaj\u0105cy<\/td><td>mgr Marzena Gospodarek<br>mgr Barbara Jaworska<br>mgr Martyna Malarczyk<br>mgr Agnieszka Rycombel<br>mgr Rafa\u0142 \u015aliwi\u0144ski<br>mgr Agata Szcze\u015bniak<\/td><\/tr><\/tbody><\/table><\/figure>\n\n\n\n<p><\/p>\n","protected":false},"excerpt":{"rendered":"<p>edukacja wczesnoszkolna mgr Iwona Delipacymgr Edyta Kozie\u0142mgr Ko\u015bcielecka Iwonamgr Kinga Kozie\u0142mgr Ewa Nowakmgr Andrzej Pustu\u0142amgr [&hellip;]<\/p>\n","protected":false},"author":1,"featured_media":0,"parent":0,"menu_order":0,"comment_status":"closed","ping_status":"closed","template":"","meta":{"footnotes":""},"class_list":["post-55","page","type-page","status-publish","hentry"],"_links":{"self":[{"href":"https:\/\/sp1.kielce.eu\/index.php\/wp-json\/wp\/v2\/pages\/55","targetHints":{"allow":["GET"]}}],"collection":[{"href":"https:\/\/sp1.kielce.eu\/index.php\/wp-json\/wp\/v2\/pages"}],"about":[{"href":"https:\/\/sp1.kielce.eu\/index.php\/wp-json\/wp\/v2\/types\/page"}],"author":[{"embeddable":true,"href":"https:\/\/sp1.kielce.eu\/index.php\/wp-json\/wp\/v2\/users\/1"}],"replies":[{"embeddable":true,"href":"https:\/\/sp1.kielce.eu\/index.php\/wp-json\/wp\/v2\/comments?post=55"}],"version-history":[{"count":56,"href":"https:\/\/sp1.kielce.eu\/index.php\/wp-json\/wp\/v2\/pages\/55\/revisions"}],"predecessor-version":[{"id":39579,"href":"https:\/\/sp1.kielce.eu\/index.php\/wp-json\/wp\/v2\/pages\/55\/revisions\/39579"}],"wp:attachment":[{"href":"https:\/\/sp1.kielce.eu\/index.php\/wp-json\/wp\/v2\/media?parent=55"}],"curies":[{"name":"wp","href":"https:\/\/api.w.org\/{rel}","templated":true}]}}