{"id":149,"date":"2017-03-05T13:57:47","date_gmt":"2017-03-05T12:57:47","guid":{"rendered":"http:\/\/sp1.kielce.eu\/?page_id=149"},"modified":"2025-12-04T22:49:57","modified_gmt":"2025-12-04T21:49:57","slug":"pedagog","status":"publish","type":"page","link":"https:\/\/sp1.kielce.eu\/index.php\/pedagog\/","title":{"rendered":"Pedagog szkolny"},"content":{"rendered":"\n<p>mgr Beata Smag\u00f3r<\/p>\n\n\n\n<figure class=\"wp-block-table\"><table class=\"has-fixed-layout\"><tbody><tr><td>Poniedzia\u0142ek<\/td><td>08:50 &#8211; 12:15<br>14.20 &#8211; 14.55<\/td><\/tr><tr><td>Wtorek<\/td><td>08.15 &#8211; 11.15<br>13.30 &#8211; 15.30<\/td><\/tr><tr><td>\u015aroda<\/td><td>08:15 &#8211; 12:15<\/td><\/tr><tr><td>Czwartek<\/td><td>08.00 &#8211; 10.15<br>11.15 &#8211; 14.00<\/td><\/tr><tr><td>Pi\u0105tek<\/td><td>08.15 &#8211; 12.15<\/td><\/tr><\/tbody><\/table><\/figure>\n\n\n\n<p><span style=\"font-family: Times New Roman, serif;\"><span style=\"font-size: large;\">Kontakt r\u00f3wnie\u017c za po\u015brednictwem:<br><\/span><\/span><span style=\"font-family: Times New Roman, serif;\"><span style=\"font-size: large;\">Tel. 41 367 64 75<br><\/span><\/span><span style=\"font-family: Times New Roman, serif;\"><span style=\"font-size: large;\">Dziennik elektroniczny<br><\/span><\/span><span style=\"font-family: Times New Roman, serif;\"><span style=\"font-size: large;\">Poczta e-mail \u2013 pedagog@sp1.kielce.eu<\/span><\/span><\/p>\n\n\n\n<figure class=\"wp-block-gallery has-nested-images columns-1 is-cropped wp-block-gallery-1 is-layout-flex wp-block-gallery-is-layout-flex\"><\/figure>\n\n\n\n<hr class=\"wp-block-separator has-alpha-channel-opacity\"\/>\n\n\n\n<h1 class=\"wp-block-heading\">Pedagog specjalny<\/h1>\n\n\n\n<p>mgr Barbara Jaworska<\/p>\n\n\n\n<figure class=\"wp-block-table\"><table class=\"has-fixed-layout\"><tbody><tr><td>Poniedzia\u0142ek<\/td><td>08.40 &#8211; 09.40<br>11.15 &#8211; 12.15<\/td><\/tr><tr><td>\u015aroda<\/td><td>08.05 &#8211; 09.40<br>10.25 &#8211; 13.50<\/td><\/tr><tr><td>Czwartek<\/td><td>08.15 &#8211; 10.15<br>12.05 &#8211; 13.05<\/td><\/tr><tr><td>Pi\u0105tek<\/td><td>08.40 &#8211; 09.40<br>12.00 &#8211; 14.00<\/td><\/tr><\/tbody><\/table><\/figure>\n\n\n\n<p><\/p>\n","protected":false},"excerpt":{"rendered":"<p>mgr Beata Smag\u00f3r Poniedzia\u0142ek 08:50 &#8211; 12:1514.20 &#8211; 14.55 Wtorek 08.15 &#8211; 11.1513.30 &#8211; 15.30 [&hellip;]<\/p>\n","protected":false},"author":1,"featured_media":0,"parent":0,"menu_order":0,"comment_status":"closed","ping_status":"closed","template":"","meta":{"footnotes":""},"class_list":["post-149","page","type-page","status-publish","hentry"],"_links":{"self":[{"href":"https:\/\/sp1.kielce.eu\/index.php\/wp-json\/wp\/v2\/pages\/149","targetHints":{"allow":["GET"]}}],"collection":[{"href":"https:\/\/sp1.kielce.eu\/index.php\/wp-json\/wp\/v2\/pages"}],"about":[{"href":"https:\/\/sp1.kielce.eu\/index.php\/wp-json\/wp\/v2\/types\/page"}],"author":[{"embeddable":true,"href":"https:\/\/sp1.kielce.eu\/index.php\/wp-json\/wp\/v2\/users\/1"}],"replies":[{"embeddable":true,"href":"https:\/\/sp1.kielce.eu\/index.php\/wp-json\/wp\/v2\/comments?post=149"}],"version-history":[{"count":35,"href":"https:\/\/sp1.kielce.eu\/index.php\/wp-json\/wp\/v2\/pages\/149\/revisions"}],"predecessor-version":[{"id":40467,"href":"https:\/\/sp1.kielce.eu\/index.php\/wp-json\/wp\/v2\/pages\/149\/revisions\/40467"}],"wp:attachment":[{"href":"https:\/\/sp1.kielce.eu\/index.php\/wp-json\/wp\/v2\/media?parent=149"}],"curies":[{"name":"wp","href":"https:\/\/api.w.org\/{rel}","templated":true}]}}