{"id":147,"date":"2017-03-05T13:57:13","date_gmt":"2017-03-05T12:57:13","guid":{"rendered":"http:\/\/sp1.kielce.eu\/?page_id=147"},"modified":"2025-08-22T23:21:44","modified_gmt":"2025-08-22T21:21:44","slug":"stolowka","status":"publish","type":"page","link":"https:\/\/sp1.kielce.eu\/index.php\/stolowka\/","title":{"rendered":"Sto\u0142\u00f3wka"},"content":{"rendered":"<p><script><br \/>\n  (function(i,s,o,g,r,a,m){i['GoogleAnalyticsObject']=r;i[r]=i[r]||function(){<br \/>\n  (i[r].q=i[r].q||[]).push(arguments)},i[r].l=1*new Date();a=s.createElement(o),<br \/>\n  m=s.getElementsByTagName(o)[0];a.async=1;a.src=g;m.parentNode.insertBefore(a,m)<br \/>\n  })(window,document,'script','https:\/\/www.google-analytics.com\/analytics.js','ga');<\/p>\n<p>  ga('create', 'UA-93996119-1', 'auto');<br \/>\n  ga('send', 'pageview');<\/p>\n<p><\/script><\/p>\n<p>Godziny wydawania obiad\u00f3w: 11.30 &#8211; 14.00,<br \/>w tym\u00a0<strong>klasy I-III<\/strong> 11.30-12.30 i 12.50-13.35, <strong>klasy IV-VIII<\/strong>\u00a012.30-12.50 i 13.35-13.55.\u00a0<\/p>\n\n\n<figure class=\"wp-block-gallery has-nested-images columns-default is-cropped wp-block-gallery-1 is-layout-flex wp-block-gallery-is-layout-flex\">\n<figure class=\"wp-block-image size-large\"><a href=\"http:\/\/sp1.kielce.eu\/wp-content\/uploads\/2023\/11\/stolowka.jpg\"><img loading=\"lazy\" decoding=\"async\" width=\"1400\" height=\"630\" data-id=\"31089\" src=\"http:\/\/sp1.kielce.eu\/wp-content\/uploads\/2023\/11\/stolowka-1400x630.jpg\" alt=\"\" class=\"wp-image-31089\" srcset=\"https:\/\/sp1.kielce.eu\/wp-content\/uploads\/2023\/11\/stolowka-1400x630.jpg 1400w, https:\/\/sp1.kielce.eu\/wp-content\/uploads\/2023\/11\/stolowka-300x135.jpg 300w, https:\/\/sp1.kielce.eu\/wp-content\/uploads\/2023\/11\/stolowka-768x345.jpg 768w, https:\/\/sp1.kielce.eu\/wp-content\/uploads\/2023\/11\/stolowka-1536x691.jpg 1536w, https:\/\/sp1.kielce.eu\/wp-content\/uploads\/2023\/11\/stolowka-820x369.jpg 820w, https:\/\/sp1.kielce.eu\/wp-content\/uploads\/2023\/11\/stolowka.jpg 1734w\" sizes=\"auto, (max-width: 1400px) 100vw, 1400px\" \/><\/a><\/figure>\n<\/figure>\n\n\n\n<p><\/p>\n\n\n\n<p>Szanowni Pa\u0144stwo,<\/p>\n\n\n\n<p>uprzejmie informujemy, i\u017c w naszej szkole obowi\u0105zuj\u0105 poni\u017csze zasady wp\u0142at oraz zwrot\u00f3w za obiady w sto\u0142\u00f3wce szkolnej:<\/p>\n\n\n\n<p>&#8211; niezb\u0119dne jest comiesi\u0119czne korzystanie przez rodzica\/prawnego opiekuna z aplikacji w edzienniku (zak\u0142adka Op\u0142aty);<\/p>\n\n\n\n<p>&#8211; rodzic\/prawny opiekun dziecka na pocz\u0105tku ka\u017cdego miesi\u0105ca w zak\u0142adce Op\u0142aty b\u0119dzie mia\u0142 naliczon\u0105 kwot\u0119 do wp\u0142aty za dany miesi\u0105c, ju\u017c pomniejszon\u0105 o odpis za miesi\u0105c poprzedni;<\/p>\n\n\n\n<p>&#8211; WA\u017bNE! Prosz\u0119 nie wylicza\u0107 kwot do zap\u0142aty indywidualnie, wp\u0142at dokonywa\u0107 dopiero po uzyskaniu informacji z systemu o wysoko\u015bci op\u0142aty za dany miesi\u0105c;<\/p>\n\n\n\n<p>&#8211; wp\u0142ata za obiady dokonywana jest z g\u00f3ry w ci\u0105gu pierwszych pi\u0119ciu roboczych dni ka\u017cdego miesi\u0105ca na indywidualny numer rachunku bankowego widoczny w dzienniku elektronicznym w zak\u0142adce Op\u0142aty;<\/p>\n\n\n\n<p>NIEOBECNO\u015a\u0106 ucznia na obiedzie nale\u017cy zg\u0142asza\u0107 do godziny 8:00 z wyprzedzeniem jednego dnia roboczego, telefonicznie (41 367 64 75 od 7:30 do 15.30) lub mailowo:&nbsp;<a href=\"mailto:referent@sp1.kielce.eu\">referent@sp1.kielce.eu<\/a><\/p>\n\n\n\n<p><a href=\"https:\/\/sp1.kielce.eu\/wp-content\/uploads\/2025\/08\/deklaracja_obiady-2025-26.pdf\">Deklaracja korzystania z wy\u017cywienia w sto\u0142\u00f3wce szkolnej<\/a><br><a href=\"https:\/\/sp1.kielce.eu\/wp-content\/uploads\/2025\/08\/regulamin-stolowka.pdf\">Regulamin korzystania ze sto\u0142\u00f3wki szkolnej<\/a><br><a href=\"http:\/\/sp1.kielce.eu\/wp-content\/uploads\/2024\/09\/druk-rezygnacji-z-obiadow.pdf\">Druk rezygnacji z obiad\u00f3w<\/a><\/p>\n\n\n\n<p><a href=\"http:\/\/sp1.kielce.eu\/index.php\/2020\/08\/28\/jadlospis\/\">Jad\u0142ospis<\/a><\/p>\n\n\n\n<p><\/p>\n","protected":false},"excerpt":{"rendered":"<p>Godziny wydawania obiad\u00f3w: 11.30 &#8211; 14.00,w tym\u00a0klasy I-III 11.30-12.30 i 12.50-13.35, klasy IV-VIII\u00a012.30-12.50 i 13.35-13.55.\u00a0 [&hellip;]<\/p>\n","protected":false},"author":1,"featured_media":0,"parent":0,"menu_order":0,"comment_status":"closed","ping_status":"closed","template":"","meta":{"footnotes":""},"class_list":["post-147","page","type-page","status-publish","hentry"],"_links":{"self":[{"href":"https:\/\/sp1.kielce.eu\/index.php\/wp-json\/wp\/v2\/pages\/147","targetHints":{"allow":["GET"]}}],"collection":[{"href":"https:\/\/sp1.kielce.eu\/index.php\/wp-json\/wp\/v2\/pages"}],"about":[{"href":"https:\/\/sp1.kielce.eu\/index.php\/wp-json\/wp\/v2\/types\/page"}],"author":[{"embeddable":true,"href":"https:\/\/sp1.kielce.eu\/index.php\/wp-json\/wp\/v2\/users\/1"}],"replies":[{"embeddable":true,"href":"https:\/\/sp1.kielce.eu\/index.php\/wp-json\/wp\/v2\/comments?post=147"}],"version-history":[{"count":33,"href":"https:\/\/sp1.kielce.eu\/index.php\/wp-json\/wp\/v2\/pages\/147\/revisions"}],"predecessor-version":[{"id":39201,"href":"https:\/\/sp1.kielce.eu\/index.php\/wp-json\/wp\/v2\/pages\/147\/revisions\/39201"}],"wp:attachment":[{"href":"https:\/\/sp1.kielce.eu\/index.php\/wp-json\/wp\/v2\/media?parent=147"}],"curies":[{"name":"wp","href":"https:\/\/api.w.org\/{rel}","templated":true}]}}