{"id":145,"date":"2017-03-05T13:56:55","date_gmt":"2017-03-05T12:56:55","guid":{"rendered":"http:\/\/sp1.kielce.eu\/?page_id=145"},"modified":"2024-11-12T20:51:51","modified_gmt":"2024-11-12T19:51:51","slug":"biblioteka","status":"publish","type":"page","link":"https:\/\/sp1.kielce.eu\/index.php\/biblioteka\/","title":{"rendered":"Biblioteka"},"content":{"rendered":"\n<p><script><br \/>\n  (function(i,s,o,g,r,a,m){i['GoogleAnalyticsObject']=r;i[r]=i[r]||function(){<br \/>\n  (i[r].q=i[r].q||[]).push(arguments)},i[r].l=1*new Date();a=s.createElement(o),<br \/>\n  m=s.getElementsByTagName(o)[0];a.async=1;a.src=g;m.parentNode.insertBefore(a,m)<br \/>\n  })(window,document,'script','https:\/\/www.google-analytics.com\/analytics.js','ga');<\/p>\n<p>  ga('create', 'UA-93996119-1', 'auto');<br \/>\n  ga('send', 'pageview');<\/p>\n<p><\/script><\/p>\n\n\n\n<p><span style=\"font-size: large;\">Uwaga czytelnicy!<\/span><\/p>\n\n\n\n<p><span style=\"font-size: large;\">Biblioteka szkolna wznawia swoj\u0105 dzia\u0142alno\u015b\u0107.<\/span><\/p>\n\n\n\n<p><span style=\"color: #ff420e;\">Prosimy o zapoznanie si\u0119 z nowymi zasadami korzystania z naszego ksi\u0119gozbioru.<\/span><\/p>\n\n\n\n<p><a href=\"http:\/\/sp1.kielce.eu\/wp-content\/uploads\/2020\/05\/biblioteka.pdf\">Nowe zasady korzystania z biblioteki<\/a><br>\n<a href=\"http:\/\/sp1.kielce.eu\/wp-content\/uploads\/2021\/11\/REGULAMIN-PRACY-BIBLIOTEKI-SZKOLNEJ.pdf\">Regulamin pracy biblioteki szkolnej<\/a><\/p>\n\n\n\n<p class=\"has-text-align-center\">Biblioteka czynna codziennie<\/p>\n\n\n\n<p class=\"has-text-align-center\">8.00 &#8211; 15.30<\/p>\n\n\n\n<p>Biblioteka szkolna nosi imi\u0119 Kornela Makuszy\u0144skiego, autora licznych ksi\u0105\u017cek dla dzieci, w tym przyg\u00f3d s\u0142awnego Kozio\u0142ka Mato\u0142ka. Znajduje si\u0119 ona na pierwszym pi\u0119trze i zajmuje dwa pomieszczenia &#8211; czytelni\u0119 i wypo\u017cyczalni\u0119. W czytelni znajduj\u0105 si\u0119 stanowiska komputerowe, sprz\u0119t audio-video, wykorzystywany podczas r\u00f3\u017cnych zaj\u0119\u0107 przeprowadzanych w bibliotece oraz bogaty ksi\u0119gozbi\u00f3r podr\u0119czny. Odbywaj\u0105 sie tutaj konkursy szkolne, akcje i spotkania Samorz\u0105du Uczniowskiego. Rega\u0142y wystawowe umo\u017cliwiaj\u0105 prezentacj\u0119 prac uczniowskich.<\/p>\n\n\n\n<p>W wypo\u017cyczalni znajduje si\u0119 g\u0142\u00f3wna cz\u0119\u015b\u0107 ksi\u0119gozbioru. Czytelnicy mog\u0105 sami wybra\u0107 lektur\u0119 (kilka rega\u0142\u00f3w z wolnym dost\u0119pem) lub poprosi\u0107 o pomoc bibliotekarzy. Przy wypo\u017cyczeniach pomocny jest program komputerowy MOL.<\/p>\n\n\n\n<p>Biblioteka szkolna organizuje wiele akcji maj\u0105cych na celu upowszechnianie czytelnictwa w\u015br\u00f3d dzieci, wsp\u00f3\u0142pracuj\u0105c z nauczycielami r\u00f3\u017cnych przedmiot\u00f3w, wychowawcami oraz innymi instytucjami. Realizuje projekty: &#8222;Ksi\u0105\u017cki naszych marze\u0144&#8221; (projekt og\u00f3lnopolski), &#8222;Czytanie rozwija cz\u0142owieka&#8221; (projekt szkolny), kampani\u0119 &#8222;Ja czytam&#8221;. Systematycznie monitoruje czytelnictwo.<\/p>\n\n\n\n<p>Zajmuje si\u0119 tak\u017ce dystrybucj\u0105 podr\u0119cznik\u00f3w.<\/p>\n\n\n\n<figure class=\"wp-block-embed is-type-video is-provider-youtube wp-block-embed-youtube wp-embed-aspect-16-9 wp-has-aspect-ratio\"><div class=\"wp-block-embed__wrapper\">\n<iframe loading=\"lazy\" title=\"Biblioteka szkolna\" width=\"1160\" height=\"653\" src=\"https:\/\/www.youtube.com\/embed\/meaSIcN7UkY?feature=oembed\" frameborder=\"0\" allow=\"accelerometer; autoplay; clipboard-write; encrypted-media; gyroscope; picture-in-picture; web-share\" referrerpolicy=\"strict-origin-when-cross-origin\" allowfullscreen><\/iframe>\n<\/div><\/figure>\n\n\n\n<p>BIBLIOTEKA SZKOLNA TO MIEJSCE O NIEZWYK\u0141EJ ATMOSFERZE, DLATEGO UCZNIOWIE CH\u0118TNIE Z NIEJ KORZYSTAJ\u0104.<\/p>\n\n\n\n<figure class=\"wp-block-gallery has-nested-images columns-3 is-cropped wp-block-gallery-1 is-layout-flex wp-block-gallery-is-layout-flex\">\n<figure class=\"wp-block-image size-large\"><a href=\"https:\/\/sp1.kielce.eu\/wp-content\/uploads\/2017\/03\/biblioteka.jpg\"><img loading=\"lazy\" decoding=\"async\" width=\"1200\" height=\"900\" data-id=\"1114\" src=\"https:\/\/sp1.kielce.eu\/wp-content\/uploads\/2017\/03\/biblioteka-1200x900.jpg\" alt=\"czytelnia\" class=\"wp-image-1114\" srcset=\"https:\/\/sp1.kielce.eu\/wp-content\/uploads\/2017\/03\/biblioteka.jpg 1200w, https:\/\/sp1.kielce.eu\/wp-content\/uploads\/2017\/03\/biblioteka-300x225.jpg 300w, https:\/\/sp1.kielce.eu\/wp-content\/uploads\/2017\/03\/biblioteka-768x576.jpg 768w, https:\/\/sp1.kielce.eu\/wp-content\/uploads\/2017\/03\/biblioteka-820x615.jpg 820w\" sizes=\"auto, (max-width: 1200px) 100vw, 1200px\" \/><\/a><\/figure>\n\n\n\n<figure class=\"wp-block-image size-large\"><a href=\"https:\/\/sp1.kielce.eu\/wp-content\/uploads\/2017\/03\/czytelnia.jpg\"><img loading=\"lazy\" decoding=\"async\" width=\"1200\" height=\"900\" data-id=\"1253\" src=\"https:\/\/sp1.kielce.eu\/wp-content\/uploads\/2017\/03\/czytelnia-1200x900.jpg\" alt=\"biblioteka\" class=\"wp-image-1253\" srcset=\"https:\/\/sp1.kielce.eu\/wp-content\/uploads\/2017\/03\/czytelnia.jpg 1200w, https:\/\/sp1.kielce.eu\/wp-content\/uploads\/2017\/03\/czytelnia-300x225.jpg 300w, https:\/\/sp1.kielce.eu\/wp-content\/uploads\/2017\/03\/czytelnia-768x576.jpg 768w, https:\/\/sp1.kielce.eu\/wp-content\/uploads\/2017\/03\/czytelnia-820x615.jpg 820w\" sizes=\"auto, (max-width: 1200px) 100vw, 1200px\" \/><\/a><\/figure>\n\n\n\n<figure class=\"wp-block-image size-large\"><a href=\"https:\/\/sp1.kielce.eu\/wp-content\/uploads\/2017\/03\/biblioteka2.jpg\"><img loading=\"lazy\" decoding=\"async\" width=\"1200\" height=\"900\" data-id=\"1296\" src=\"https:\/\/sp1.kielce.eu\/wp-content\/uploads\/2017\/03\/biblioteka2-1200x900.jpg\" alt=\"\" class=\"wp-image-1296\" srcset=\"https:\/\/sp1.kielce.eu\/wp-content\/uploads\/2017\/03\/biblioteka2.jpg 1200w, https:\/\/sp1.kielce.eu\/wp-content\/uploads\/2017\/03\/biblioteka2-300x225.jpg 300w, https:\/\/sp1.kielce.eu\/wp-content\/uploads\/2017\/03\/biblioteka2-768x576.jpg 768w, https:\/\/sp1.kielce.eu\/wp-content\/uploads\/2017\/03\/biblioteka2-820x615.jpg 820w\" sizes=\"auto, (max-width: 1200px) 100vw, 1200px\" \/><\/a><\/figure>\n\n\n\n<figure class=\"wp-block-image size-large\"><a href=\"https:\/\/sp1.kielce.eu\/wp-content\/uploads\/2017\/03\/biblioteka3.jpg\"><img loading=\"lazy\" decoding=\"async\" width=\"1200\" height=\"900\" data-id=\"1297\" src=\"https:\/\/sp1.kielce.eu\/wp-content\/uploads\/2017\/03\/biblioteka3-1200x900.jpg\" alt=\"\" class=\"wp-image-1297\" srcset=\"https:\/\/sp1.kielce.eu\/wp-content\/uploads\/2017\/03\/biblioteka3.jpg 1200w, https:\/\/sp1.kielce.eu\/wp-content\/uploads\/2017\/03\/biblioteka3-300x225.jpg 300w, https:\/\/sp1.kielce.eu\/wp-content\/uploads\/2017\/03\/biblioteka3-768x576.jpg 768w, https:\/\/sp1.kielce.eu\/wp-content\/uploads\/2017\/03\/biblioteka3-820x615.jpg 820w\" sizes=\"auto, (max-width: 1200px) 100vw, 1200px\" \/><\/a><\/figure>\n\n\n\n<figure class=\"wp-block-image size-large\"><a href=\"https:\/\/sp1.kielce.eu\/wp-content\/uploads\/2017\/03\/biblioteka4.jpg\"><img loading=\"lazy\" decoding=\"async\" width=\"1200\" height=\"900\" data-id=\"1298\" src=\"https:\/\/sp1.kielce.eu\/wp-content\/uploads\/2017\/03\/biblioteka4-1200x900.jpg\" alt=\"\" class=\"wp-image-1298\" srcset=\"https:\/\/sp1.kielce.eu\/wp-content\/uploads\/2017\/03\/biblioteka4.jpg 1200w, https:\/\/sp1.kielce.eu\/wp-content\/uploads\/2017\/03\/biblioteka4-300x225.jpg 300w, https:\/\/sp1.kielce.eu\/wp-content\/uploads\/2017\/03\/biblioteka4-768x576.jpg 768w, https:\/\/sp1.kielce.eu\/wp-content\/uploads\/2017\/03\/biblioteka4-820x615.jpg 820w\" sizes=\"auto, (max-width: 1200px) 100vw, 1200px\" \/><\/a><\/figure>\n<\/figure>\n\n\n\n<p><\/p>\n","protected":false},"excerpt":{"rendered":"<p>Uwaga czytelnicy! Biblioteka szkolna wznawia swoj\u0105 dzia\u0142alno\u015b\u0107. Prosimy o zapoznanie si\u0119 z nowymi zasadami korzystania [&hellip;]<\/p>\n","protected":false},"author":1,"featured_media":0,"parent":0,"menu_order":0,"comment_status":"closed","ping_status":"closed","template":"","meta":{"footnotes":""},"class_list":["post-145","page","type-page","status-publish","hentry"],"_links":{"self":[{"href":"https:\/\/sp1.kielce.eu\/index.php\/wp-json\/wp\/v2\/pages\/145","targetHints":{"allow":["GET"]}}],"collection":[{"href":"https:\/\/sp1.kielce.eu\/index.php\/wp-json\/wp\/v2\/pages"}],"about":[{"href":"https:\/\/sp1.kielce.eu\/index.php\/wp-json\/wp\/v2\/types\/page"}],"author":[{"embeddable":true,"href":"https:\/\/sp1.kielce.eu\/index.php\/wp-json\/wp\/v2\/users\/1"}],"replies":[{"embeddable":true,"href":"https:\/\/sp1.kielce.eu\/index.php\/wp-json\/wp\/v2\/comments?post=145"}],"version-history":[{"count":12,"href":"https:\/\/sp1.kielce.eu\/index.php\/wp-json\/wp\/v2\/pages\/145\/revisions"}],"predecessor-version":[{"id":36785,"href":"https:\/\/sp1.kielce.eu\/index.php\/wp-json\/wp\/v2\/pages\/145\/revisions\/36785"}],"wp:attachment":[{"href":"https:\/\/sp1.kielce.eu\/index.php\/wp-json\/wp\/v2\/media?parent=145"}],"curies":[{"name":"wp","href":"https:\/\/api.w.org\/{rel}","templated":true}]}}