{"id":1441,"date":"2017-03-31T22:11:38","date_gmt":"2017-03-31T20:11:38","guid":{"rendered":"http:\/\/sp1.kielce.eu\/?page_id=1441"},"modified":"2017-03-31T22:11:38","modified_gmt":"2017-03-31T20:11:38","slug":"useronline","status":"publish","type":"page","link":"https:\/\/sp1.kielce.eu\/index.php\/useronline\/","title":{"rendered":"U\u017cytkownicy online"},"content":{"rendered":"<div id=\"useronline-details\"><p>There are a total of <strong>14 u\u017cytkownik\u00f3w<\/strong> online now: <strong>0 Members<\/strong>, <strong>4 Guests<\/strong> and <strong>10 Bots<\/strong>.<\/p><p>Most users ever online were <strong>1&nbsp;167<\/strong>, on <strong>15 sierpnia 2023 @ 19:54<\/strong><\/p><h2>4 Guests Online Now<\/h2><p><strong>#1 - Guest<\/strong>  on 19 kwietnia 2026 @ 15:36<br\/>Szko\u0142a Podstawowa nr 1 w Kielcach &raquo;  &raquo; UCZNIOWIE KLASY IVB NA SPEKTAKLU \u201eSYRENKA ARIEL\u201d W KIELECKIM TEATRZE TA\u0143CA [<a href=\"\/index.php\/2026\/04\/17\/uczniowie-klasy-ivb-na-spektaklu-syrenka-ariel-w-kieleckim-teatrze-tanca\/\">url<\/a>] [<a href=\"https:\/\/sp1.kielce.eu\/index.php\/category\/zawody-sportowe\/\">referral<\/a>]<\/p>\n<p><strong>#2 - Guest<\/strong>  on 19 kwietnia 2026 @ 15:36<br\/>Szko\u0142a Podstawowa nr 1 w Kielcach &raquo; \/ [<a href=\"\/\">url<\/a>] [<a href=\"http:\/\/sp1.kielce.eu\">referral<\/a>]<\/p>\n<p><strong>#3 - Guest<\/strong>  on 19 kwietnia 2026 @ 15:36<br\/>Szko\u0142a Podstawowa nr 1 w Kielcach &raquo; \/ [<a href=\"\/\">url<\/a>] <\/p>\n<p><strong>#4 - Guest<\/strong>  on 19 kwietnia 2026 @ 15:31<br\/>Szko\u0142a Podstawowa nr 1 w Kielcach &raquo; \/ [<a href=\"\/\">url<\/a>] <\/p>\n<h2>10 Bots Online Now<\/h2><p><strong>#1 - ClaudeBot<\/strong>  on 19 kwietnia 2026 @ 15:36<br\/>Szko\u0142a Podstawowa nr 1 w Kielcach &raquo;  &raquo; U\u017cytkownicy online [<a href=\"\/index.php\/useronline\/\">url<\/a>] [<a href=\"https:\/\/sp1.kielce.eu\/?p=1441\">referral<\/a>]<\/p>\n<p><strong>#2 - Ahrefs<\/strong>  on 19 kwietnia 2026 @ 15:35<br\/>Szko\u0142a Podstawowa nr 1 w Kielcach &raquo; wydarzenia [<a href=\"\/index.php\/category\/wydarzenia\/page\/19\/\">url<\/a>] <\/p>\n<p><strong>#3 - Ahrefs<\/strong>  on 19 kwietnia 2026 @ 15:34<br\/>Szko\u0142a Podstawowa nr 1 w Kielcach &raquo; \/index.php\/page\/112\/ [<a href=\"\/index.php\/page\/112\/\">url<\/a>] <\/p>\n<p><strong>#4 - Ahrefs<\/strong>  on 19 kwietnia 2026 @ 15:34<br\/>Szko\u0142a Podstawowa nr 1 w Kielcach &raquo; \/index.php\/page\/319\/ [<a href=\"\/index.php\/page\/319\/\">url<\/a>] <\/p>\n<p><strong>#5 - Ahrefs<\/strong>  on 19 kwietnia 2026 @ 15:34<br\/>Szko\u0142a Podstawowa nr 1 w Kielcach &raquo; \/index.php\/page\/311\/ [<a href=\"\/index.php\/page\/311\/\">url<\/a>] <\/p>\n<p><strong>#6 - Ahrefs<\/strong>  on 19 kwietnia 2026 @ 15:34<br\/>Szko\u0142a Podstawowa nr 1 w Kielcach &raquo; \/index.php\/page\/135\/ [<a href=\"\/index.php\/page\/135\/\">url<\/a>] <\/p>\n<p><strong>#7 - DuckDuckGo<\/strong>  on 19 kwietnia 2026 @ 15:33<br\/>Szko\u0142a Podstawowa nr 1 w Kielcach &raquo; \/ [<a href=\"\/\">url<\/a>] [<a href=\"http:\/\/sp1.kielce.eu\">referral<\/a>]<\/p>\n<p><strong>#8 - Google<\/strong>  on 19 kwietnia 2026 @ 15:33<br\/>Szko\u0142a Podstawowa nr 1 w Kielcach &raquo;  &raquo; Warsztaty 7b w Centrum Edukacji Medialnej [<a href=\"\/index.php\/2022\/11\/09\/warsztaty-7b-w-centrum-edukacji-medialnej\/\">url<\/a>] <\/p>\n<p><strong>#9 - Bing<\/strong>  on 19 kwietnia 2026 @ 15:33<br\/>Szko\u0142a Podstawowa nr 1 w Kielcach &raquo;  &raquo; 3b [<a href=\"\/index.php\/uczniowie\/3b-2\/\">url<\/a>] <\/p>\n<p><strong>#10 - Crawl<\/strong>  on 19 kwietnia 2026 @ 15:32<br\/>Szko\u0142a Podstawowa nr 1 w Kielcach &raquo;  &raquo; \u201eBezpieczniej ze Stra\u017c\u0105 Miejsk\u0105\u201d [<a href=\"\/index.php\/2017\/12\/19\/bezpieczniej-ze-straza\/\">url<\/a>] <\/p>\n<\/div>\n","protected":false},"excerpt":{"rendered":"","protected":false},"author":1,"featured_media":0,"parent":0,"menu_order":0,"comment_status":"closed","ping_status":"closed","template":"","meta":{"footnotes":""},"class_list":["post-1441","page","type-page","status-publish","hentry"],"_links":{"self":[{"href":"https:\/\/sp1.kielce.eu\/index.php\/wp-json\/wp\/v2\/pages\/1441","targetHints":{"allow":["GET"]}}],"collection":[{"href":"https:\/\/sp1.kielce.eu\/index.php\/wp-json\/wp\/v2\/pages"}],"about":[{"href":"https:\/\/sp1.kielce.eu\/index.php\/wp-json\/wp\/v2\/types\/page"}],"author":[{"embeddable":true,"href":"https:\/\/sp1.kielce.eu\/index.php\/wp-json\/wp\/v2\/users\/1"}],"replies":[{"embeddable":true,"href":"https:\/\/sp1.kielce.eu\/index.php\/wp-json\/wp\/v2\/comments?post=1441"}],"version-history":[{"count":1,"href":"https:\/\/sp1.kielce.eu\/index.php\/wp-json\/wp\/v2\/pages\/1441\/revisions"}],"predecessor-version":[{"id":1442,"href":"https:\/\/sp1.kielce.eu\/index.php\/wp-json\/wp\/v2\/pages\/1441\/revisions\/1442"}],"wp:attachment":[{"href":"https:\/\/sp1.kielce.eu\/index.php\/wp-json\/wp\/v2\/media?parent=1441"}],"curies":[{"name":"wp","href":"https:\/\/api.w.org\/{rel}","templated":true}]}}